be z(6). Suppose 5*t - i = -68. Calculate the highest common factor of 648 and t.
24
Let y(d) = -86*d + 140. Let t be y(-7). Suppose -121*p = -122*p + t. What is the greatest common divisor of p and 14?
14
Suppose -666 = -59*s - 52*s. What is the greatest common factor of 9 and s?
3
Let n(c) = c + 39. Let q be n(-19). Let j = q - 4. Suppose 5*s = -43 + 683. What is the greatest common factor of j and s?
16
Let y(b) = -4*b + 12. Let g be y(-14). Suppose 74 = 2*a + g. Suppose 2*i + 3*t - 44 = 0, a*i = -2*t - t + 72. What is the highest common factor of 28 and i?
28
Suppose 126*v - 706*v = -1999840. Calculate the greatest common factor of v and 24.
8
Let n = -179 - -251. Let f(y) = 2*y**3 - 2*y**2 + 29*y - 92. Let x be f(4). Calculate the highest common factor of n and x.
24
Suppose -148*b + 94*b - 1210 = -109*b. Suppose 1320 = -l + 6*l. What is the greatest common factor of l and b?
22
Let x(b) = 2*b**2 + 11*b + 66. Let w be x(-8). Calculate the highest common factor of w and 4.
2
Suppose 0 = -60*s - 33*s - 197*s + 44370. What is the greatest common divisor of 17 and s?
17
Suppose 2*a = g - 15, -3*g + 15 = a - 23. Suppose -g*x + 4*x = -99. Calculate the greatest common factor of x and 99.
11
Let k(u) = -85*u - 375. Let q be k(-4). Let n = -180 + 113. Let s = q - n. Calculate the highest common divisor of 4 and s.
4
Let n be (88/(-10))/((-1110)/50 - -22). Let z be (1/3)/(9/216). What is the highest common factor of z and n?
4
Suppose -13*t - 52 = -26*t. Let u be (-4 - -28)/3 + -3 - t. What is the highest common factor of 77 and u?
1
Let m be (1 - 4)*1208/12*-1. Let a = 627 - m. What is the greatest common factor of 13 and a?
13
Let s be 4/2*(-6 + 7). Let j be 3/(-2)*(6 - 450/27). What is the greatest common divisor of s and j?
2
Let s(b) = 27*b + 5. Let i be (6/3)/(0 + (2 - 4)). Let k be s(i). Let v = k - -270. Calculate the highest common factor of 31 and v.
31
Suppose 5*t = -9 + 34. Let b be (t/(-2))/((55/(-90))/11). Calculate the highest common divisor of b and 126.
9
Let d be 32/(2 - (-5)/(-2)). Let s = 95 + d. Suppose 2*m - s - 3 = 0. What is the highest common factor of m and 51?
17
Let b = -56 - -58. Let c(h) = 2*h**3 + 2*h**2 - 8*h + 12. Let f be c(b). Suppose 0 = -14*l + f*l - 132. What is the highest common divisor of l and 66?
22
Let x = -17609 + 18610. What is the highest common factor of 49 and x?
7
Suppose 228 = 28*n - 500. Let l be (1/2)/(1/156). Calculate the highest common divisor of n and l.
26
Suppose -12*c - 70 = -5*z - 14*c, -2*z + 27 = c. Let f(j) = 23*j - 252. Let b be f(z). Calculate the highest common divisor of b and 290.
58
Suppose -1942 = -70*f + 6038. What is the highest common factor of 6156 and f?
114
Let j(a) = 13*a + 120. Suppose -7 = -5*n - 47. Let q be j(n). Calculate the highest common divisor of 24 and q.
8
Let d be (6*-9 - 0/1)/(456/(-608)). Let r = 6 - 2. Let c be 33 - (1 - 0 - r). What is the greatest common divisor of c and d?
36
Suppose 0 = -q + 1, 25*v - 24*v = -q + 61. Let p = 74 - -31. Calculate the greatest common divisor of v and p.
15
Suppose 3*h = -3*y + 7 + 5, -5*y = -5*h - 30. Suppose -2*f - 153 = -y*f + n, -204 = -4*f + n. Calculate the highest common divisor of 34 and f.
17
Suppose -29*v - 108 = -35*v. Let k be ((-18)/4)/(-9)*v. Calculate the highest common factor of 3 and k.
3
Let c(r) = 10*r + 5. Let y be c(-1). Let v(k) = -21*k - 25. Let b be v(y). What is the highest common factor of 48 and b?
16
Let q(n) = 6*n - 100. Let k be q(-19). Let c = 304 + k. What is the highest common divisor of 240 and c?
30
Let p(u) = 3 + 44 + 7 + 4*u. Suppose 0 = -170*a + 79*a. Let g be p(a). What is the highest common factor of g and 378?
54
Let s(k) = -k**3 - 15*k**2 + 34*k + 30. Let p be s(-17). What is the greatest common divisor of 4000 and p?
10
Suppose 697*o - 723*o = -15210. What is the highest common factor of o and 520?
65
Suppose 0 = 109*a - 21972 - 115477. What is the greatest common factor of a and 39?
13
Let q be ((-42)/(-12) + -1)*2. Suppose -q*m = -11*m + 174. Suppose o = -v + 23, -2*v = o - m + 4. Calculate the greatest common factor of 7 and o.
7
Suppose 164 = 5*k + 134. Let i be 219 + -2 - (k - 5). Let x be (54/(-8))/((-2)/8). Calculate the greatest common factor of i and x.
27
Let t = -3759 + 3903. Calculate the highest common divisor of 1422 and t.
18
Let k(r) be the third derivative of -r**5/60 + 25*r**4/24 - 19*r**3/6 + 7*r**2 + 4*r. Let g be k(17). Calculate the greatest common divisor of 18 and g.
9
Let w(h) = 2536*h - 4017. Let p be w(3). What is the highest common factor of 81 and p?
27
Let g be 24/6 + -266 - (-4)/1. Let r = 260 + g. Calculate the highest common divisor of r and 122.
2
Let h(d) = -d**3 + 4*d**2 - 7*d + 1. Let z be h(3). Let r(j) = -33*j + 21. Let v be r(z). What is the highest common factor of 24 and v?
24
Let f = -2918 - -2942. Calculate the highest common factor of f and 174.
6
Suppose -2*z = 2*h - 62 - 26, 2*h - 226 = -5*z. Suppose u = 5*g + 53, 17*g = -4*u + 11*g + 134. Let s = z - u. What is the greatest common divisor of 56 and s?
8
Let b = 522 - 519. Suppose 0 = 4*h + 16, -x + h = -3*x. Suppose -4*z + 27 = b*l + 3, -l = -x*z + 2. What is the greatest common factor of 10 and l?
2
Let h be 82908/315 + (-4)/(-5). Let g = -18 + 30. What is the highest common divisor of g and h?
12
Suppose 0*n = 5*n - 20. Let u = -30656 + 30660. Calculate the greatest common factor of u and n.
4
Let o = -752 + 760. Suppose -o*a = -80 - 0. Let i(f) = -26*f - 1. Let k be i(-1). Calculate the highest common divisor of k and a.
5
Suppose 628*w = 669*w - 1804. Calculate the highest common divisor of w and 1606.
22
Suppose 54*j - 1034 = 51*j - 4*b, 0 = -5*j + 3*b + 1704. What is the highest common factor of j and 666?
18
Suppose -s + 189 = 4*v, 0 = -4*s - v + 997 - 316. Calculate the highest common divisor of s and 104.
13
Let k be 1652/(-6)*126/(-147). Calculate the greatest common factor of 112 and k.
4
Let o = -765 - -725. Let g be ((-140)/o)/((-3)/(-18)). What is the greatest common divisor of 735 and g?
21
Suppose 0*d - 144 = -4*d. Let b be -1 - -3 - (-688)/16. Calculate the highest common factor of b and d.
9
Suppose 11*h - 9*h = 5*a - 42, 4*a - 2*h - 32 = 0. Let k be (-1575)/(-70)*8/a. Suppose 46 = 3*d - 8. Calculate the greatest common factor of d and k.
18
Suppose -71*p + 66*p + 165 = 2*y, p = 1. What is the highest common factor of 250 and y?
10
Let v be (2 - 14/4)*(-18 - (102 + 34)). Calculate the highest common divisor of v and 792.
33
Let y(b) = 5*b**2 - 32*b + 17. Suppose -4*t - 5*u = -28, 5*t - 5*u - 35 = -0. Let c be y(t). Calculate the highest common factor of c and 76.
38
Suppose -53*q + 781793 = 259*q + 81665. What is the highest common divisor of q and 612?
204
Let s be (-4 - 185)*5/(-15). Let i = -55 + 8. Let h = -38 - i. Calculate the highest common divisor of s and h.
9
Let w(d) = d**3 + 9*d**2 + 9*d. Let j be w(-7). Let k be -2 + -1*j*(0 + -1). Suppose -7*v = -10*v + 693. What is the highest common divisor of v and k?
33
Let d be ((-3)/(-2))/((-2)/(-612)). Suppose 3*b - 4*j = 71, 4*b - 306*j = -310*j + 48. Calculate the greatest common divisor of b and d.
17
Let o be 4/34 - (-1)/(153/(-50661)). Let d = o - -342. Calculate the highest common divisor of d and 143.
11
Let w be 178/14 + (-1 - (-18)/14). Suppose -w*f - 21 = -20*f. Let g = 79 + -52. Calculate the highest common factor of f and g.
3
Suppose -44*s + 556 - 2258 = -46*s. Calculate the highest common divisor of s and 874.
23
Suppose -2*h + 8 = 0, -1532 = 5*p - 6*p - 5*h. Let l = 529 - 466. Calculate the highest common divisor of p and l.
63
Suppose -p + 984 = 4*p - 2*p. Calculate the highest common divisor of 4428 and p.
164
Let p(o) = -43*o - 3. Let t be p(-8). Suppose 4*y - h = t, -y - 2 = 2*h - 85. Let z = 20286 - 20252. What is the greatest common divisor of z and y?
17
Let v(u) = 3*u + 90. Let x be v(-21). Let d = 208 - 62. Suppose 5*k + 70 - x = b, 5*b - 2*k = d. Calculate the highest common divisor of 42 and b.
14
Let p be ((-39)/(-12) - 2 - 1) + (-49155)/(-580). Calculate the highest common divisor of p and 799.
17
Let p be (24/16)/(1/2). Let q(n) = 24*n - 159. Let j be q(7). What is the greatest common divisor of j and p?
3
Let q be ((-588)/(-126))/((8/(-213))/(-4)). Calculate the highest common